of (2*3/(-9))/(8/(-15540)).
5, 7, 37
Suppose 3*h + 185 + 3 = 5*f, 0 = 5*h - f + 328. Let y = -16 - h. What are the prime factors of y?
2, 5
Suppose -72 + 10 = s. Let x = s + 122. Suppose -r - x = -3*r. What are the prime factors of r?
2, 3, 5
Suppose -7*i - 3*h = -2*i - 100, -70 = -5*i + 3*h. Suppose 0 = 2*f + i + 9. Let n = 20 - f. What are the prime factors of n?
3, 11
What are the prime factors of -25*(40/8 - 10)?
5
Suppose 0 = -7*z + 10*z - 1626. List the prime factors of z.
2, 271
Suppose -3*b - 216 = -2*f, 540 = -f + 6*f + 2*b. Suppose -4*y + 12 = -f. List the prime factors of y.
2, 3, 5
List the prime factors of 697 + (-6)/((-6)/(-7)).
2, 3, 5, 23
Suppose -18 = 2*s - 128. Let d = -27 + s. What are the prime factors of d?
2, 7
Let m = -479 + 672. Let i = m - 8. Suppose -15*c + i = -10*c. What are the prime factors of c?
37
What are the prime factors of (277 + 1)/((-1)/(-2))?
2, 139
Let r(n) = n**2 - n - 69. List the prime factors of r(-24).
3, 59
Let l(z) = 33*z**2 - 8*z - 15. List the prime factors of l(-3).
2, 3, 17
Let h be ((-20)/8)/(-5)*158. Suppose -a - 81 = -3*a + 3*u, 2*a = -u + 101. Let g = h - a. What are the prime factors of g?
31
Let k be 1640/16*(-8)/(-10). Suppose b - 11 = k. What are the prime factors of b?
3, 31
Let a = -7 - -19. Suppose 4*n - 12 = 4, -4*i + 3*n - a = 0. Suppose i*p + 27 = 3*p. What are the prime factors of p?
3
Let s be ((-2)/(-4) - 15/6) + 1. List the prime factors of (12/(-5))/(s/35).
2, 3, 7
Let u = -407 + 1524. What are the prime factors of u?
1117
Let v = 292 + 1116. What are the prime factors of v?
2, 11
Suppose 4*s = 728 + 488. Suppose -2*t + 186 = -s. List the prime factors of t.
5, 7
Let b(g) = 22*g + 13. What are the prime factors of b(17)?
3, 43
Let d = 517 + 679. What are the prime factors of d?
2, 13, 23
Let s = -281 - 41. Let t = -20 - s. What are the prime factors of t?
2, 151
Suppose 0 = 300*k - 297*k + 3*h - 2499, k = 2*h + 842. What are the prime factors of k?
2, 11, 19
What are the prime factors of (-162)/36*(-2008)/6?
2, 3, 251
Let z(u) = -u**3 - 9*u**2 - u - 6. Let x be z(-9). Suppose 0 = y + x*y. Suppose 4*p + 19 = h, -2 = p - y*p. List the prime factors of h.
11
Let a = 51 - 47. Suppose a - 29 = -5*u, 4*k + u = 29. What are the prime factors of k?
2, 3
Suppose 12*h = h + 198. Suppose 2*k - 3*d = 5*k - h, 4*d = -4. List the prime factors of k.
7
Let t = 86 + 78. What are the prime factors of t?
2, 41
Suppose -15*x + 20*x - 7129 = -y, -x = 2*y - 1424. List the prime factors of x.
2, 23, 31
Let h = -65 + 233. Let n = h - 12. What are the prime factors of n?
2, 3, 13
Let p(t) = 76*t + 283. What are the prime factors of p(5)?
3, 13, 17
What are the prime factors of 17188/5 + (-180)/300?
7, 491
List the prime factors of 6 + (-52)/12 + 20400/18.
5, 227
Suppose f + 91 = k, 279 = -0*k + 3*k - f. Let n = 22 + k. Suppose 3*v = 4*o + n, -87 = -3*v + o + 14. What are the prime factors of v?
2
Suppose 9*y - 342 = -0*y. List the prime factors of y.
2, 19
Let k(l) = 2*l**2 - 10*l - 10. Let o(b) = b + 23. Let x be o(-15). What are the prime factors of k(x)?
2, 19
Let h(a) = a**2 + 10*a - 14. Let z be h(-11). List the prime factors of 1/((-4)/12) + 2 - z.
2
Let x(m) = 11*m**2 + 65*m - 11. What are the prime factors of x(-11)?
5, 11
Let v be 1 - (6/(-2) - -1). Let g be (v + -1)/4*2. What are the prime factors of g/((2 + 1)/72)?
2, 3
Suppose 0 = -2*m - 3*o + 585, -4*m - 2*o - 199 = -1349. List the prime factors of m.
3, 5, 19
Let w(n) = -1116*n - 20. List the prime factors of w(-4).
2, 11, 101
Suppose 27411 = -33*l + 170136. What are the prime factors of l?
5, 173
Let m(n) = -27*n + 4. Let u be m(-11). Let c = -206 + u. What are the prime factors of c?
5, 19
Suppose 3*k + 5*y - 5308 = 0, 1760 = 3*k - 2*k + 4*y. List the prime factors of k.
2, 3, 37
Let s be 2/9 + 66/(-54). Let x be 19*s*(1 + -4). Let r = -28 + x. What are the prime factors of r?
29
Let f = 4 - 4. Suppose f = -c + 5*c. Suppose -6*h + 2*h + 36 = c. List the prime factors of h.
3
Let f(l) = 53*l**2 - 8*l - 36. List the prime factors of f(-4).
2, 211
Suppose z = 6*z - 285. Suppose -z = -4*h - 0*a + 3*a, 27 = 2*h - a. List the prime factors of (-3)/(h/(-152)*1).
2, 19
Let z = 208 + 1708. What are the prime factors of z?
2, 479
Let i(y) = -y + 54. Suppose -4*w = -3*w. Let q be i(w). Suppose 0 = 28*v - 31*v + q. What are the prime factors of v?
2, 3
Suppose 40*b - 1 - 65799 = 0. List the prime factors of b.
5, 7, 47
Let c = -57 - -49. Suppose -5*k + g - 220 = -4*g, 54 = -k - 4*g. List the prime factors of (k/(-8))/((-2)/c).
23
Suppose 5*r - 10 = 0, 0*f - 5*f + 1996 = -2*r. List the prime factors of f.
2, 5
Let v(s) = -2*s**3 + 8*s**2 + 3*s - 11. Let z be v(-5). Let a = 733 - z. What are the prime factors of a?
3, 103
List the prime factors of -3 + 7 + (-6 - (12 + -1509)).
5, 13, 23
List the prime factors of 157 + -161 - 5/(5/(-2152)).
2, 3, 179
Suppose -48*x = -2*k - 49*x + 346, -5*k + 5*x = -850. What are the prime factors of k?
2, 43
Let t(i) = i**3 + 3*i**2 + 6*i - 1. Let r be t(-5). Let y = -151 - r. Let k = y + 124. What are the prime factors of k?
2, 3
Suppose -3*c + 34 = 2*h - h, c + 2*h = 8. Let o = c + -12. Suppose 115 = -o*u + 5*u. List the prime factors of u.
23
Let c = -37 - -44. Suppose f = c*f - 354. List the prime factors of f.
59
Suppose 0 = -3*z - 81 + 69. List the prime factors of 0 - (-136 + (3 + -3)/z).
2, 17
Suppose 2*f - 129 = j, f - 78 = -j - 3*j. What are the prime factors of f?
2, 3, 11
Let p be ((-608)/(-24))/((-1)/(-3)). Suppose -2*t = -2*l - 70, -3*l - 3*t - p = 11. What are the prime factors of -2 - (0 - -1) - l?
29
Let p be ((-8)/(-12))/((-8)/(-396)). Suppose -p = -u - 11. What are the prime factors of u?
2, 11
Let p be (-21 - 0)*(-6)/18. Let n be 62 + 0 - (p + -6). Suppose 1 - n = -4*j. What are the prime factors of j?
3, 5
Suppose 2*u + 68 = -5*v + 4*u, 2*v + 23 = 5*u. Let o = v - -14. Suppose w + 1 = o, 4*a = -2*w - w + 141. List the prime factors of a.
2, 3
Let w = 349 - 309. Suppose -4*n - 570 = -9*n. Suppose -w = 2*h - n. List the prime factors of h.
37
Let c = -27 - -23. Let n be c + 5 - 18 - -1. Let y(t) = t**2 + 14*t - 8. List the prime factors of y(n).
2, 3
Let c(z) = 12*z**2 + 24*z + 17. List the prime factors of c(-13).
1733
Let f be 127 - -13 - (1 - 3). Suppose o + o = f. What are the prime factors of o?
71
Let s be 423 - ((-4)/4 + 4). Suppose 4*l - s = -0*l. What are the prime factors of l?
3, 5, 7
Let v(c) = 42*c + 62. List the prime factors of v(13).
2, 19
Suppose -5*f + 533 = -3*j, -4*f - 2*j + 444 = -0*j. Let s = f + 73. What are the prime factors of s?
2, 7, 13
Suppose -3 + 1 = -v. Let h = v + 0. Suppose 339 = 5*z + 4*x, h*z - 83 = -5*x + 39. List the prime factors of z.
71
Let s = -6 + 2. Let q(f) = 12*f - 3. Let t(g) = 11*g - 3. Let i(m) = 4*q(m) - 5*t(m). What are the prime factors of i(s)?
31
Let y = -23 - -29. Let c(r) = r**3 - 5*r**2 - 4*r + 12. Let s be c(y). Let l = 53 - s. List the prime factors of l.
29
Suppose 8 = 4*k - 5*k. Let x = k - -12. Suppose 3*z = x*n + 47, 0 = z + 2*n + 2*n - 5. List the prime factors of z.
13
Let d(n) = -2*n + 34. Suppose 8 = -2*a, 3*w - 5*a - 11 = 18. Let j(c) = 5*c - 68. Let g(o) = w*j(o) + 7*d(o). List the prime factors of g(15).
7
What are the prime factors of ((-1)/(-1))/(23/4393)?
191
Let u(h) = 9*h**3 + 2*h**2 - 2*h - 1. Let n be u(-2). Let m = -22 - n. List the prime factors of m.
3, 13
Let w = 101 - -70. What are the prime factors of w?
3, 19
Let u(a) = a**3 + 10*a**2 + 14*a + 7. Let x be u(-10). What are the prime factors of (-57)/x + 116/7?
17
Suppose b + 4*i + 10 = -b, 10 = -2*b - 2*i. Let y(t) = -t**3 - 2*t**2 + 2*t - 10. What are the prime factors of y(b)?
5, 11
Let y = 514 + -266. What are the prime factors of y?
2, 31
Suppose 4*d = 16, 4428 = -o - 4*o + 2*d. List the prime factors of o/(-7) + 20/(-70).
2, 3, 7
Let c(h) = -12*h + 5*h**3 + 14*h**2 + 13 + 8*h - 8*h - 4*h**3. Let q be c(-15). Let f = 105 + q. List the prime factors of f.
73
Let c(n) = 84*n - 2. Suppose 7*l = 2*l - k + 8, 3*k = 9. What are the prime factors of c(l)?
2, 41
Suppose 5*f - 459 = -w + 29, -f = 3*w - 1394. List the prime factors of w.
463
Suppose 4*k + 1127 - 3863 = -2*r, 4*k - 2708 = 5*r. What are the prime factors of k?
2, 11, 31
Let j(z) = 19*z**2 + 29*z + 35.